{"id":3915,"date":"2025-01-03T02:35:21","date_gmt":"2025-01-03T02:35:21","guid":{"rendered":"https:\/\/picles.cc\/digitalmarketing\/?page_id=3915"},"modified":"2025-12-01T22:58:37","modified_gmt":"2025-12-01T22:58:37","slug":"portfolio","status":"publish","type":"page","link":"https:\/\/picles.cc\/v1\/portfolio\/","title":{"rendered":"portf\u00f3lio"},"content":{"rendered":"\t\t<div data-elementor-type=\"wp-page\" data-elementor-id=\"3915\" class=\"elementor elementor-3915\" data-elementor-post-type=\"page\">\n\t\t\t\t<div class=\"elementor-element elementor-element-e372989 logo-picles-flutuant e-con-full e-flex e-con e-parent\" data-id=\"e372989\" data-element_type=\"container\" data-settings=\"{&quot;background_background&quot;:&quot;classic&quot;,&quot;position&quot;:&quot;fixed&quot;}\">\n\t\t\t\t<div class=\"elementor-element elementor-element-769ce79 elementor-widget__width-inherit elementor-widget elementor-widget-shortcode\" data-id=\"769ce79\" data-element_type=\"widget\" data-widget_type=\"shortcode.default\">\n\t\t\t\t<div class=\"elementor-widget-container\">\n\t\t\t\t\t\t\t<div class=\"elementor-shortcode\">\t\t<div data-elementor-type=\"wp-post\" data-elementor-id=\"3411\" class=\"elementor elementor-3411\" data-elementor-post-type=\"elementor-hf\">\n\t\t\t\t<section class=\"elementor-element elementor-element-f386751 snappoint e-flex e-con-boxed e-con e-parent\" data-id=\"f386751\" data-element_type=\"container\" data-settings=\"{&quot;background_background&quot;:&quot;classic&quot;}\">\n\t\t\t\t\t<div class=\"e-con-inner\">\n\t\t\t\t<div class=\"elementor-element elementor-element-a1edd65 elementor-widget elementor-widget-html\" data-id=\"a1edd65\" data-element_type=\"widget\" data-widget_type=\"html.default\">\n\t\t\t\t<div class=\"elementor-widget-container\">\n\t\t\t\t\t<script src=\"https:\/\/ajax.googleapis.com\/ajax\/libs\/jquery\/3.7.1\/jquery.min.js\"><\/script>\n\n\n<script>\n    $(window).scroll(function () {\n    \/\/console.log($(document).scrollTop()); \/\/ logo\n    if ($(document).scrollTop() >= 60) {\n        $('#type-id > div > a > img').attr('class', 'hidden');\n    } else {\n        $('#type-id > div > a > img').attr('class', 'visible');\n    }\n}); \n<\/script>\n\n<!--<script>\n    $(window).scroll(function () {\n    \/\/console.log($(document).scrollTop()); \/\/ logo\n    if ($(document).scrollTop() >= 500) {\n        $('#type-id > div > a > img').css({'border': '1px solid red'});\n    }\n}); \n<\/script>\n\n<script>\n$(document).ready(function(){\n  $(\"#tesste a\").click(function(){\n    alert($(\"div\").scrollTop() + \" px\");\n  });\n});\n<\/script>-->\n\n\n\n\n\t\t\t\t<\/div>\n\t\t\t\t<\/div>\n\t\t<div class=\"elementor-element elementor-element-f2b65e5 logo-picles-flutuant e-con-full e-flex e-con e-child\" data-id=\"f2b65e5\" data-element_type=\"container\" data-settings=\"{&quot;background_background&quot;:&quot;classic&quot;,&quot;position&quot;:&quot;fixed&quot;}\">\n\t\t<div class=\"elementor-element elementor-element-ec020cd e-flex e-con-boxed e-con e-child\" data-id=\"ec020cd\" data-element_type=\"container\" data-settings=\"{&quot;position&quot;:&quot;absolute&quot;}\">\n\t\t\t\t\t<div class=\"e-con-inner\">\n\t\t\t\t<div class=\"elementor-element elementor-element-00915de hfe-menu-item-flex-end hfe-submenu-icon-arrow hfe-link-redirect-child elementor-widget elementor-widget-navigation-menu\" data-id=\"00915de\" data-element_type=\"widget\" data-settings=\"{&quot;width_flyout_menu_item&quot;:{&quot;unit&quot;:&quot;px&quot;,&quot;size&quot;:&quot;&quot;,&quot;sizes&quot;:[]},&quot;menu_top_space_mobile&quot;:{&quot;unit&quot;:&quot;px&quot;,&quot;size&quot;:70,&quot;sizes&quot;:[]},&quot;hamburger_align&quot;:&quot;right&quot;,&quot;hamburger_menu_align&quot;:&quot;flex-end&quot;,&quot;menu_space_between&quot;:{&quot;unit&quot;:&quot;px&quot;,&quot;size&quot;:0,&quot;sizes&quot;:[]},&quot;menu_top_space&quot;:{&quot;unit&quot;:&quot;px&quot;,&quot;size&quot;:31,&quot;sizes&quot;:[]},&quot;close_flyout_size&quot;:{&quot;unit&quot;:&quot;px&quot;,&quot;size&quot;:28,&quot;sizes&quot;:[]},&quot;width_flyout_menu_item_tablet&quot;:{&quot;unit&quot;:&quot;px&quot;,&quot;size&quot;:&quot;&quot;,&quot;sizes&quot;:[]},&quot;width_flyout_menu_item_mobile&quot;:{&quot;unit&quot;:&quot;px&quot;,&quot;size&quot;:&quot;&quot;,&quot;sizes&quot;:[]},&quot;padding_flyout_menu_item&quot;:{&quot;unit&quot;:&quot;px&quot;,&quot;size&quot;:30,&quot;sizes&quot;:[]},&quot;padding_flyout_menu_item_tablet&quot;:{&quot;unit&quot;:&quot;px&quot;,&quot;size&quot;:&quot;&quot;,&quot;sizes&quot;:[]},&quot;padding_flyout_menu_item_mobile&quot;:{&quot;unit&quot;:&quot;px&quot;,&quot;size&quot;:&quot;&quot;,&quot;sizes&quot;:[]},&quot;padding_horizontal_menu_item&quot;:{&quot;unit&quot;:&quot;px&quot;,&quot;size&quot;:15,&quot;sizes&quot;:[]},&quot;padding_horizontal_menu_item_tablet&quot;:{&quot;unit&quot;:&quot;px&quot;,&quot;size&quot;:&quot;&quot;,&quot;sizes&quot;:[]},&quot;padding_horizontal_menu_item_mobile&quot;:{&quot;unit&quot;:&quot;px&quot;,&quot;size&quot;:&quot;&quot;,&quot;sizes&quot;:[]},&quot;padding_vertical_menu_item&quot;:{&quot;unit&quot;:&quot;px&quot;,&quot;size&quot;:15,&quot;sizes&quot;:[]},&quot;padding_vertical_menu_item_tablet&quot;:{&quot;unit&quot;:&quot;px&quot;,&quot;size&quot;:&quot;&quot;,&quot;sizes&quot;:[]},&quot;padding_vertical_menu_item_mobile&quot;:{&quot;unit&quot;:&quot;px&quot;,&quot;size&quot;:&quot;&quot;,&quot;sizes&quot;:[]},&quot;menu_space_between_tablet&quot;:{&quot;unit&quot;:&quot;px&quot;,&quot;size&quot;:&quot;&quot;,&quot;sizes&quot;:[]},&quot;menu_space_between_mobile&quot;:{&quot;unit&quot;:&quot;px&quot;,&quot;size&quot;:&quot;&quot;,&quot;sizes&quot;:[]},&quot;menu_top_space_tablet&quot;:{&quot;unit&quot;:&quot;px&quot;,&quot;size&quot;:&quot;&quot;,&quot;sizes&quot;:[]},&quot;dropdown_border_radius&quot;:{&quot;unit&quot;:&quot;px&quot;,&quot;top&quot;:&quot;&quot;,&quot;right&quot;:&quot;&quot;,&quot;bottom&quot;:&quot;&quot;,&quot;left&quot;:&quot;&quot;,&quot;isLinked&quot;:true},&quot;dropdown_border_radius_tablet&quot;:{&quot;unit&quot;:&quot;px&quot;,&quot;top&quot;:&quot;&quot;,&quot;right&quot;:&quot;&quot;,&quot;bottom&quot;:&quot;&quot;,&quot;left&quot;:&quot;&quot;,&quot;isLinked&quot;:true},&quot;dropdown_border_radius_mobile&quot;:{&quot;unit&quot;:&quot;px&quot;,&quot;top&quot;:&quot;&quot;,&quot;right&quot;:&quot;&quot;,&quot;bottom&quot;:&quot;&quot;,&quot;left&quot;:&quot;&quot;,&quot;isLinked&quot;:true},&quot;padding_horizontal_dropdown_item&quot;:{&quot;unit&quot;:&quot;px&quot;,&quot;size&quot;:&quot;&quot;,&quot;sizes&quot;:[]},&quot;padding_horizontal_dropdown_item_tablet&quot;:{&quot;unit&quot;:&quot;px&quot;,&quot;size&quot;:&quot;&quot;,&quot;sizes&quot;:[]},&quot;padding_horizontal_dropdown_item_mobile&quot;:{&quot;unit&quot;:&quot;px&quot;,&quot;size&quot;:&quot;&quot;,&quot;sizes&quot;:[]},&quot;padding_vertical_dropdown_item&quot;:{&quot;unit&quot;:&quot;px&quot;,&quot;size&quot;:15,&quot;sizes&quot;:[]},&quot;padding_vertical_dropdown_item_tablet&quot;:{&quot;unit&quot;:&quot;px&quot;,&quot;size&quot;:&quot;&quot;,&quot;sizes&quot;:[]},&quot;padding_vertical_dropdown_item_mobile&quot;:{&quot;unit&quot;:&quot;px&quot;,&quot;size&quot;:&quot;&quot;,&quot;sizes&quot;:[]},&quot;toggle_size&quot;:{&quot;unit&quot;:&quot;px&quot;,&quot;size&quot;:&quot;&quot;,&quot;sizes&quot;:[]},&quot;toggle_size_tablet&quot;:{&quot;unit&quot;:&quot;px&quot;,&quot;size&quot;:&quot;&quot;,&quot;sizes&quot;:[]},&quot;toggle_size_mobile&quot;:{&quot;unit&quot;:&quot;px&quot;,&quot;size&quot;:&quot;&quot;,&quot;sizes&quot;:[]},&quot;toggle_border_width&quot;:{&quot;unit&quot;:&quot;px&quot;,&quot;size&quot;:&quot;&quot;,&quot;sizes&quot;:[]},&quot;toggle_border_width_tablet&quot;:{&quot;unit&quot;:&quot;px&quot;,&quot;size&quot;:&quot;&quot;,&quot;sizes&quot;:[]},&quot;toggle_border_width_mobile&quot;:{&quot;unit&quot;:&quot;px&quot;,&quot;size&quot;:&quot;&quot;,&quot;sizes&quot;:[]},&quot;toggle_border_radius&quot;:{&quot;unit&quot;:&quot;px&quot;,&quot;size&quot;:&quot;&quot;,&quot;sizes&quot;:[]},&quot;toggle_border_radius_tablet&quot;:{&quot;unit&quot;:&quot;px&quot;,&quot;size&quot;:&quot;&quot;,&quot;sizes&quot;:[]},&quot;toggle_border_radius_mobile&quot;:{&quot;unit&quot;:&quot;px&quot;,&quot;size&quot;:&quot;&quot;,&quot;sizes&quot;:[]},&quot;close_flyout_size_tablet&quot;:{&quot;unit&quot;:&quot;px&quot;,&quot;size&quot;:&quot;&quot;,&quot;sizes&quot;:[]},&quot;close_flyout_size_mobile&quot;:{&quot;unit&quot;:&quot;px&quot;,&quot;size&quot;:&quot;&quot;,&quot;sizes&quot;:[]}}\" data-widget_type=\"navigation-menu.default\">\n\t\t\t\t<div class=\"elementor-widget-container\">\n\t\t\t\t\t\t\t\t<div class=\"hfe-nav-menu__toggle elementor-clickable hfe-flyout-trigger\" tabindex=\"0\">\n\t\t\t\t\t<div class=\"hfe-nav-menu-icon\">\n\t\t\t\t\t\t<i aria-hidden=\"true\" tabindex=\"0\" class=\"fas fa-bars\"><\/i>\t\t\t\t\t<\/div>\n\t\t\t\t<\/div>\n\t\t\t<div class=\"hfe-flyout-wrapper\" >\n\t\t\t\t<div class=\"hfe-flyout-overlay elementor-clickable\"><\/div>\n\t\t\t\t<div class=\"hfe-flyout-container\">\n\t\t\t\t\t<div id=\"hfe-flyout-content-id-00915de\" class=\"hfe-side hfe-flyout-right hfe-flyout-open\" data-layout=\"right\" data-flyout-type=\"normal\">\n\t\t\t\t\t\t<div class=\"hfe-flyout-content push\">\n\t\t\t\t\t\t\t<nav >\n\t\t\t\t\t\t\t\t<ul id=\"menu-1-00915de\" class=\"hfe-nav-menu\"><li id=\"menu-item-4365\" class=\"menu-item menu-item-type-post_type menu-item-object-page parent hfe-creative-menu\"><a href=\"https:\/\/picles.cc\/v1\/portfolio\/\" class = \"hfe-menu-item\">Portf\u00f3lio<\/a><\/li>\n<li id=\"menu-item-5293\" class=\"menu-item menu-item-type-post_type menu-item-object-page parent hfe-creative-menu\"><a href=\"https:\/\/picles.cc\/v1\/a-gente\/\" class = \"hfe-menu-item\">A gente<\/a><\/li>\n<li id=\"menu-item-4382\" class=\"menu-item menu-item-type-custom menu-item-object-custom parent hfe-creative-menu\"><a href=\"https:\/\/wa.me\/\/5531992996111?text=Ol%C3%A1,%20Picles!\" class = \"hfe-menu-item\">Or\u00e7amento<\/a><\/li>\n<li id=\"menu-item-4400\" class=\"menu-item menu-item-type-post_type menu-item-object-page parent hfe-creative-menu\"><a href=\"https:\/\/picles.cc\/v1\/contato\/\" class = \"hfe-menu-item\">Contato<\/a><\/li>\n<li id=\"menu-item-4401\" class=\"menu-item menu-item-type-custom menu-item-object-custom parent hfe-creative-menu\"><a target=\"_blank\"rel=\"noopener\" href=\"https:\/\/medium.com\/@piclesdesign\" class = \"hfe-menu-item\">Blog<\/a><\/li>\n<\/ul>\t\t\t\t\t\t\t<\/nav>\n\t\t\t\t\t\t\t<div class=\"elementor-clickable hfe-flyout-close\" tabindex=\"0\">\n\t\t\t\t\t\t\t\t<i aria-hidden=\"true\" tabindex=\"0\" class=\"far fa-window-close\"><\/i>\t\t\t\t\t\t\t<\/div>\n\t\t\t\t\t\t<\/div>\n\t\t\t\t\t<\/div>\n\t\t\t\t<\/div>\n\t\t\t<\/div>\n\t\t\t\t\t\t\t<\/div>\n\t\t\t\t<\/div>\n\t\t\t\t<div class=\"elementor-element elementor-element-d2c3541 elementor-widget__width-initial elementor-widget-mobile__width-initial e-grid-align-mobile-right e-grid-align-right elementor-shape-rounded elementor-grid-0 elementor-widget elementor-widget-social-icons\" data-id=\"d2c3541\" data-element_type=\"widget\" data-widget_type=\"social-icons.default\">\n\t\t\t\t<div class=\"elementor-widget-container\">\n\t\t\t\t\t\t\t<div class=\"elementor-social-icons-wrapper elementor-grid\" role=\"list\">\n\t\t\t\t\t\t\t<span class=\"elementor-grid-item\" role=\"listitem\">\n\t\t\t\t\t<a class=\"elementor-icon elementor-social-icon elementor-social-icon-instagram elementor-repeater-item-7c23720\" href=\"https:\/\/www.instagram.com\/piclesdesign\/\" target=\"_blank\">\n\t\t\t\t\t\t<span class=\"elementor-screen-only\">Instagram<\/span>\n\t\t\t\t\t\t<i class=\"fab fa-instagram\"><\/i>\t\t\t\t\t<\/a>\n\t\t\t\t<\/span>\n\t\t\t\t\t\t\t<span class=\"elementor-grid-item\" role=\"listitem\">\n\t\t\t\t\t<a class=\"elementor-icon elementor-social-icon elementor-social-icon-whatsapp elementor-repeater-item-dac2ed6\" href=\"https:\/\/wa.me\/\/5531997375307?text=Ol\u00e1,%20Picles!\" target=\"_blank\">\n\t\t\t\t\t\t<span class=\"elementor-screen-only\">Whatsapp<\/span>\n\t\t\t\t\t\t<i class=\"fab fa-whatsapp\"><\/i>\t\t\t\t\t<\/a>\n\t\t\t\t<\/span>\n\t\t\t\t\t<\/div>\n\t\t\t\t\t\t<\/div>\n\t\t\t\t<\/div>\n\t\t\t\t\t<\/div>\n\t\t\t\t<\/div>\n\t\t<div class=\"elementor-element elementor-element-e7fe4c2 e-con-full e-flex e-con e-child\" data-id=\"e7fe4c2\" data-element_type=\"container\">\n\t\t\t\t<div class=\"elementor-element elementor-element-7c25a77 elementor-widget__width-initial logo-picles-nv elementor-widget elementor-widget-image\" data-id=\"7c25a77\" data-element_type=\"widget\" id=\"type-id\" data-settings=\"{&quot;_animation_tablet&quot;:&quot;fadeInDown&quot;,&quot;_animation_mobile&quot;:&quot;none&quot;}\" data-widget_type=\"image.default\">\n\t\t\t\t<div class=\"elementor-widget-container\">\n\t\t\t\t\t\t\t\t\t\t\t\t\t\t\t\t<a href=\"https:\/\/picles.cc\/v1\">\n\t\t\t\t\t\t\t<img decoding=\"async\" src=\"https:\/\/picles.cc\/v1\/wp-content\/uploads\/2024\/12\/picles-type-1.svg\" title=\"picles-type (1)\" alt=\"picles-type (1)\" loading=\"lazy\" \/>\t\t\t\t\t\t\t\t<\/a>\n\t\t\t\t\t\t\t\t\t\t\t\t\t\t\t<\/div>\n\t\t\t\t<\/div>\n\t\t\t\t<div class=\"elementor-element elementor-element-ddd2244 elementor-widget__width-initial elementor-widget elementor-widget-image\" data-id=\"ddd2244\" data-element_type=\"widget\" data-widget_type=\"image.default\">\n\t\t\t\t<div class=\"elementor-widget-container\">\n\t\t\t\t\t\t\t\t\t\t\t\t\t\t\t\t<a href=\"https:\/\/picles.cc\/v1\">\n\t\t\t\t\t\t\t<img decoding=\"async\" src=\"https:\/\/picles.cc\/v1\/wp-content\/uploads\/2024\/12\/logo-Picles-icon.svg\" title=\"logo-Picles-icon\" alt=\"logo-Picles-icon\" loading=\"lazy\" \/>\t\t\t\t\t\t\t\t<\/a>\n\t\t\t\t\t\t\t\t\t\t\t\t\t\t\t<\/div>\n\t\t\t\t<\/div>\n\t\t\t\t<\/div>\n\t\t\t\t<\/div>\n\t\t\t\t\t<\/div>\n\t\t\t\t<\/section>\n\t\t\t\t<\/div>\n\t\t<\/div>\n\t\t\t\t\t\t<\/div>\n\t\t\t\t<\/div>\n\t\t\t\t<\/div>\n\t\t<section class=\"elementor-element elementor-element-7bb3055 e-con-full dobra-01 snappoint vh e-flex e-con e-parent\" data-id=\"7bb3055\" data-element_type=\"container\" data-settings=\"{&quot;background_background&quot;:&quot;classic&quot;,&quot;motion_fx_motion_fx_scrolling&quot;:&quot;yes&quot;,&quot;motion_fx_devices&quot;:[&quot;desktop&quot;,&quot;tablet&quot;,&quot;mobile&quot;]}\">\n\t\t\t\t<\/section>\n\t\t<section class=\"elementor-element elementor-element-76f2cb7 e-con-full dobra-01 snappoint vh e-flex e-con e-parent\" data-id=\"76f2cb7\" data-element_type=\"container\" data-settings=\"{&quot;background_background&quot;:&quot;classic&quot;,&quot;motion_fx_motion_fx_scrolling&quot;:&quot;yes&quot;,&quot;motion_fx_devices&quot;:[&quot;desktop&quot;,&quot;tablet&quot;,&quot;mobile&quot;]}\">\n\t\t<div class=\"elementor-element elementor-element-a797454 e-con-full e-flex e-con e-child\" data-id=\"a797454\" data-element_type=\"container\">\n\t\t\t\t<div class=\"elementor-element elementor-element-535ddfe elementor-widget__width-inherit elementor-widget-mobile__width-initial elementor-widget elementor-widget-shortcode\" data-id=\"535ddfe\" data-element_type=\"widget\" data-widget_type=\"shortcode.default\">\n\t\t\t\t<div class=\"elementor-widget-container\">\n\t\t\t\t\t\t\t<div class=\"elementor-shortcode\"><style type='text\/css' media='all'>#rt-tpg-container-1516087158 .rt-holder .rt-woo-info .price{color:#ffffff;}body .rt-tpg-container .rt-tpg-isotope-buttons .selected,\n\t\t\t\t\t#rt-tpg-container-1516087158 .layout12 .rt-holder:hover .rt-detail,\n\t\t\t\t\t#rt-tpg-container-1516087158 .isotope8 .rt-holder:hover .rt-detail,\n\t\t\t\t\t#rt-tpg-container-1516087158 .carousel8 .rt-holder:hover .rt-detail,\n\t\t\t\t\t#rt-tpg-container-1516087158 .layout13 .rt-holder .overlay .post-info,\n\t\t\t\t\t#rt-tpg-container-1516087158 .isotope9 .rt-holder .overlay .post-info,\n\t\t\t\t\t#rt-tpg-container-1516087158.rt-tpg-container .layout4 .rt-holder .rt-detail,\n\t\t\t\t\t.rt-modal-1516087158 .md-content,\n\t\t\t\t\t.rt-modal-1516087158 .md-content > .rt-md-content-holder .rt-md-content,\n\t\t\t\t\t.rt-popup-wrap-1516087158.rt-popup-wrap .rt-popup-navigation-wrap,\n\t\t\t\t\t#rt-tpg-container-1516087158 .carousel9 .rt-holder .overlay .post-info{background-color:#ffffff;}#rt-tpg-container-1516087158 .layout5 .rt-holder .overlay, #rt-tpg-container-1516087158 .isotope2 .rt-holder .overlay, #rt-tpg-container-1516087158 .carousel2 .rt-holder .overlay,#rt-tpg-container-1516087158 .layout15 .rt-holder h3, #rt-tpg-container-1516087158 .isotope11 .rt-holder h3, #rt-tpg-container-1516087158 .carousel11 .rt-holder h3, #rt-tpg-container-1516087158 .layout16 .rt-holder h3,\n\t\t\t\t\t#rt-tpg-container-1516087158 .isotope12 .rt-holder h3, #rt-tpg-container-1516087158 .carousel12 .rt-holder h3 {background-color:rgba(255,255,255,0.8);}#rt-tpg-container-1516087158 .read-more a{border-radius:7px;}#rt-tpg-container-1516087158 .rt-img-holder img.rt-img-responsive,#rt-tpg-container-1516087158 .rt-img-holder,\n\t\t\t\t\t#rt-tpg-container-1516087158 .rt-post-overlay .post-img,\n\t\t\t\t\t#rt-tpg-container-1516087158 .post-sm .post-img,\n\t\t\t\t\t#rt-tpg-container-1516087158 .rt-post-grid .post-img,\n\t\t\t\t\t#rt-tpg-container-1516087158 .post-img img {border-radius:px;}#rt-tpg-container-1516087158 .layout7 .rt-holder h2.entry-title:hover,\n\t\t\t\t\t#rt-tpg-container-1516087158 .layout7 .rt-holder h3.entry-title:hover,\n\t\t\t\t\t#rt-tpg-container-1516087158 .layout7 .rt-holder h4.entry-title:hover,\n\t\t\t\t\t#rt-tpg-container-1516087158 .layout7 .rt-holder h2.entry-title a:hover,\n\t\t\t\t\t#rt-tpg-container-1516087158 .layout7 .rt-holder h3.entry-title a:hover,\n\t\t\t\t\t#rt-tpg-container-1516087158 .layout7 .rt-holder h4.entry-title a:hover,\n\t\t\t\t\t#rt-tpg-container-1516087158 .post-content .post-title a:hover,\n\t\t\t\t\t#rt-tpg-container-1516087158 .rt-post-grid .post-title a:hover,\n\t\t\t\t\t#rt-tpg-container-1516087158 .rt-holder .rt-woo-info h2 a:hover,\n\t\t\t\t\t#rt-tpg-container-1516087158 .rt-holder .rt-woo-info h3 a:hover,\n\t\t\t\t\t#rt-tpg-container-1516087158 .rt-holder .rt-woo-info h4 a:hover,\n\t\t\t\t\t#rt-tpg-container-1516087158 .rt-holder .rt-woo-info h2:hover,\n\t\t\t\t\t#rt-tpg-container-1516087158 .rt-holder .rt-woo-info h3:hover,\n\t\t\t\t\t#rt-tpg-container-1516087158 .rt-holder .rt-woo-info h4:hover{color:#a5a5a5 !important;}<\/style><div class='rt-container-fluid rt-tpg-container tpg-shortcode-main-wrapper ' id='rt-tpg-container-1516087158'   data-layout='layout7' data-grid-style='even' data-desktop-col='2'  data-tab-col='2'  data-mobile-col='1' data-sc-id='3914'><div data-title='Loading ...' class='rt-row rt-content-loader   layout7 tpg-even '><div class=\"rt-col-md-6 rt-col-sm-6 rt-col-xs-12 even-grid-item rt-grid-item\" data-id=\"6097\"><div class=\"rt-holder\"><img fetchpriority=\"high\" decoding=\"async\" class=\"rt-img-responsive \" src=\"https:\/\/picles.cc\/v1\/wp-content\/uploads\/2026\/04\/3-scaled.png\" width=\"2560\" height=\"1440\" alt=\"Braz Gest\u00e3o de Propriedades\" \/><div class=\"overlay\"><h3 class=\"entry-title\"><a data-id=\"6097\" class=\"\" href=\"https:\/\/picles.cc\/v1\/braz-gestao-de-propriedades\/\">Braz Gest\u00e3o de Propriedades<\/a><\/h3><\/div><\/div><\/div><div class=\"rt-col-md-6 rt-col-sm-6 rt-col-xs-12 even-grid-item rt-grid-item\" data-id=\"4626\"><div class=\"rt-holder\"><img decoding=\"async\" class=\"rt-img-responsive \" src=\"https:\/\/picles.cc\/v1\/wp-content\/uploads\/2025\/01\/Frame-59-scaled.jpg\" width=\"2560\" height=\"1440\" alt=\"Clever Solution\" \/><div class=\"overlay\"><h3 class=\"entry-title\"><a data-id=\"4626\" class=\"\" href=\"https:\/\/picles.cc\/v1\/clever-solution\/\">Clever Solution<\/a><\/h3><\/div><\/div><\/div><div class=\"rt-col-md-6 rt-col-sm-6 rt-col-xs-12 even-grid-item rt-grid-item\" data-id=\"4597\"><div class=\"rt-holder\"><img decoding=\"async\" class=\"rt-img-responsive \" src=\"https:\/\/picles.cc\/v1\/wp-content\/uploads\/2025\/01\/Frame-50-1-scaled.jpg\" width=\"2560\" height=\"1440\" alt=\"Lucas &#038; Fabrizio (wedding)\" \/><div class=\"overlay\"><h3 class=\"entry-title\"><a data-id=\"4597\" class=\"\" href=\"https:\/\/picles.cc\/v1\/lucas-fabrizio-wedding\/\">Lucas &#038; Fabrizio (wedding)<\/a><\/h3><\/div><\/div><\/div><div class=\"rt-col-md-6 rt-col-sm-6 rt-col-xs-12 even-grid-item rt-grid-item\" data-id=\"3936\"><div class=\"rt-holder\"><img loading=\"lazy\" decoding=\"async\" class=\"rt-img-responsive \" src=\"https:\/\/picles.cc\/v1\/wp-content\/uploads\/2025\/01\/12-scaled.jpg\" width=\"2560\" height=\"1440\" alt=\"Wert Gest\u00e3o\" \/><div class=\"overlay\"><h3 class=\"entry-title\"><a data-id=\"3936\" class=\"\" href=\"https:\/\/picles.cc\/v1\/wert-gestao-propriedades\/\">Wert Gest\u00e3o<\/a><\/h3><\/div><\/div><\/div><\/div><\/div><\/div>\n\t\t\t\t\t\t<\/div>\n\t\t\t\t<\/div>\n\t\t\t\t<\/div>\n\t\t\t\t<\/section>\n\t\t\t\t<\/div>\n\t\t","protected":false},"excerpt":{"rendered":"","protected":false},"author":1,"featured_media":0,"parent":0,"menu_order":0,"comment_status":"closed","ping_status":"closed","template":"","meta":{"_monsterinsights_skip_tracking":false,"_monsterinsights_sitenote_active":false,"_monsterinsights_sitenote_note":"","_monsterinsights_sitenote_category":0,"footnotes":""},"class_list":["post-3915","page","type-page","status-publish","hentry"],"yoast_head":"<!-- This site is optimized with the Yoast SEO plugin v27.2 - https:\/\/yoast.com\/product\/yoast-seo-wordpress\/ -->\n<title>portf\u00f3lio<\/title>\n<meta name=\"description\" content=\"Descubra como design, comunica\u00e7\u00e3o, web design e marketing digital podem transformar o seu neg\u00f3cio online. Acesse o site e saiba mais.\" \/>\n<meta name=\"robots\" content=\"index, follow, max-snippet:-1, max-image-preview:large, max-video-preview:-1\" \/>\n<link rel=\"canonical\" href=\"https:\/\/picles.cc\/v1\/portfolio\/\" \/>\n<meta property=\"og:locale\" content=\"pt_PT\" \/>\n<meta property=\"og:type\" content=\"article\" \/>\n<meta property=\"og:title\" content=\"portf\u00f3lio\" \/>\n<meta property=\"og:description\" content=\"Descubra como design, comunica\u00e7\u00e3o, web design e marketing digital podem transformar o seu neg\u00f3cio online. Acesse o site e saiba mais.\" \/>\n<meta property=\"og:url\" content=\"https:\/\/picles.cc\/v1\/portfolio\/\" \/>\n<meta property=\"article:modified_time\" content=\"2025-12-01T22:58:37+00:00\" \/>\n<meta name=\"twitter:card\" content=\"summary_large_image\" \/>\n<meta name=\"twitter:label1\" content=\"Tempo estimado de leitura\" \/>\n\t<meta name=\"twitter:data1\" content=\"1 minuto\" \/>\n<script type=\"application\/ld+json\" class=\"yoast-schema-graph\">{\"@context\":\"https:\/\/schema.org\",\"@graph\":[{\"@type\":\"WebPage\",\"@id\":\"https:\/\/picles.cc\/v1\/portfolio\/\",\"url\":\"https:\/\/picles.cc\/v1\/portfolio\/\",\"name\":\"portf\u00f3lio\",\"isPartOf\":{\"@id\":\"https:\/\/picles.cc\/v1\/#website\"},\"datePublished\":\"2025-01-03T02:35:21+00:00\",\"dateModified\":\"2025-12-01T22:58:37+00:00\",\"description\":\"Descubra como design, comunica\u00e7\u00e3o, web design e marketing digital podem transformar o seu neg\u00f3cio online. Acesse o site e saiba mais.\",\"breadcrumb\":{\"@id\":\"https:\/\/picles.cc\/v1\/portfolio\/#breadcrumb\"},\"inLanguage\":\"pt-PT\",\"potentialAction\":[{\"@type\":\"ReadAction\",\"target\":[\"https:\/\/picles.cc\/v1\/portfolio\/\"]}]},{\"@type\":\"BreadcrumbList\",\"@id\":\"https:\/\/picles.cc\/v1\/portfolio\/#breadcrumb\",\"itemListElement\":[{\"@type\":\"ListItem\",\"position\":1,\"name\":\"In\u00edcio\",\"item\":\"https:\/\/picles.cc\/v1\/\"},{\"@type\":\"ListItem\",\"position\":2,\"name\":\"portf\u00f3lio\"}]},{\"@type\":\"WebSite\",\"@id\":\"https:\/\/picles.cc\/v1\/#website\",\"url\":\"https:\/\/picles.cc\/v1\/\",\"name\":\"\",\"description\":\"Digital Marketing\",\"potentialAction\":[{\"@type\":\"SearchAction\",\"target\":{\"@type\":\"EntryPoint\",\"urlTemplate\":\"https:\/\/picles.cc\/v1\/?s={search_term_string}\"},\"query-input\":{\"@type\":\"PropertyValueSpecification\",\"valueRequired\":true,\"valueName\":\"search_term_string\"}}],\"inLanguage\":\"pt-PT\"}]}<\/script>\n<!-- \/ Yoast SEO plugin. -->","yoast_head_json":{"title":"portf\u00f3lio","description":"Descubra como design, comunica\u00e7\u00e3o, web design e marketing digital podem transformar o seu neg\u00f3cio online. Acesse o site e saiba mais.","robots":{"index":"index","follow":"follow","max-snippet":"max-snippet:-1","max-image-preview":"max-image-preview:large","max-video-preview":"max-video-preview:-1"},"canonical":"https:\/\/picles.cc\/v1\/portfolio\/","og_locale":"pt_PT","og_type":"article","og_title":"portf\u00f3lio","og_description":"Descubra como design, comunica\u00e7\u00e3o, web design e marketing digital podem transformar o seu neg\u00f3cio online. Acesse o site e saiba mais.","og_url":"https:\/\/picles.cc\/v1\/portfolio\/","article_modified_time":"2025-12-01T22:58:37+00:00","twitter_card":"summary_large_image","twitter_misc":{"Tempo estimado de leitura":"1 minuto"},"schema":{"@context":"https:\/\/schema.org","@graph":[{"@type":"WebPage","@id":"https:\/\/picles.cc\/v1\/portfolio\/","url":"https:\/\/picles.cc\/v1\/portfolio\/","name":"portf\u00f3lio","isPartOf":{"@id":"https:\/\/picles.cc\/v1\/#website"},"datePublished":"2025-01-03T02:35:21+00:00","dateModified":"2025-12-01T22:58:37+00:00","description":"Descubra como design, comunica\u00e7\u00e3o, web design e marketing digital podem transformar o seu neg\u00f3cio online. Acesse o site e saiba mais.","breadcrumb":{"@id":"https:\/\/picles.cc\/v1\/portfolio\/#breadcrumb"},"inLanguage":"pt-PT","potentialAction":[{"@type":"ReadAction","target":["https:\/\/picles.cc\/v1\/portfolio\/"]}]},{"@type":"BreadcrumbList","@id":"https:\/\/picles.cc\/v1\/portfolio\/#breadcrumb","itemListElement":[{"@type":"ListItem","position":1,"name":"In\u00edcio","item":"https:\/\/picles.cc\/v1\/"},{"@type":"ListItem","position":2,"name":"portf\u00f3lio"}]},{"@type":"WebSite","@id":"https:\/\/picles.cc\/v1\/#website","url":"https:\/\/picles.cc\/v1\/","name":"","description":"Digital Marketing","potentialAction":[{"@type":"SearchAction","target":{"@type":"EntryPoint","urlTemplate":"https:\/\/picles.cc\/v1\/?s={search_term_string}"},"query-input":{"@type":"PropertyValueSpecification","valueRequired":true,"valueName":"search_term_string"}}],"inLanguage":"pt-PT"}]}},"rttpg_featured_image_url":null,"rttpg_author":{"display_name":"Daniel","author_link":"https:\/\/picles.cc\/v1\/author\/admin\/"},"rttpg_comment":0,"rttpg_category":"","rttpg_excerpt":null,"_links":{"self":[{"href":"https:\/\/picles.cc\/v1\/wp-json\/wp\/v2\/pages\/3915","targetHints":{"allow":["GET"]}}],"collection":[{"href":"https:\/\/picles.cc\/v1\/wp-json\/wp\/v2\/pages"}],"about":[{"href":"https:\/\/picles.cc\/v1\/wp-json\/wp\/v2\/types\/page"}],"author":[{"embeddable":true,"href":"https:\/\/picles.cc\/v1\/wp-json\/wp\/v2\/users\/1"}],"replies":[{"embeddable":true,"href":"https:\/\/picles.cc\/v1\/wp-json\/wp\/v2\/comments?post=3915"}],"version-history":[{"count":56,"href":"https:\/\/picles.cc\/v1\/wp-json\/wp\/v2\/pages\/3915\/revisions"}],"predecessor-version":[{"id":6091,"href":"https:\/\/picles.cc\/v1\/wp-json\/wp\/v2\/pages\/3915\/revisions\/6091"}],"wp:attachment":[{"href":"https:\/\/picles.cc\/v1\/wp-json\/wp\/v2\/media?parent=3915"}],"curies":[{"name":"wp","href":"https:\/\/api.w.org\/{rel}","templated":true}]}}